Dec 02 01:40:44.066 INFO testing adereq/rockecik against master#8940af3cea4a9a9deabcaf843b2f8cad9a83fc61 for beta-1.31-5
Dec 02 01:40:44.066 INFO running `"docker" "create" "-v" "/mnt/big/crater/work/local/target-dirs/beta-1.31-5/worker-7/master#8940af3cea4a9a9deabcaf843b2f8cad9a83fc61:/target:rw,Z" "-v" "/mnt/big/crater/work/local/test-source/worker-7/beta-1.31-5/master#8940af3cea4a9a9deabcaf843b2f8cad9a83fc61:/source:ro,Z" "-v" "/mnt/big/crater/work/local/cargo-home:/cargo-home:ro,Z" "-v" "/mnt/big/crater/work/local/rustup-home:/rustup-home:ro,Z" "-e" "USER_ID=1000" "-e" "SOURCE_DIR=/source" "-e" "USER_ID=1000" "-e" "CMD=cargo +8940af3cea4a9a9deabcaf843b2f8cad9a83fc61-alt build --frozen" "-e" "CARGO_TARGET_DIR=/target" "-e" "CARGO_INCREMENTAL=0" "-e" "RUST_BACKTRACE=full" "-e" "RUSTFLAGS=--cap-lints=warn" "-e" "CARGO_HOME=/cargo-home" "-e" "RUSTUP_HOME=/rustup-home" "-m" "1536M" "--network" "none" "crater"`
Dec 02 01:40:44.528 INFO [stdout] 9d941c7a763502d217ea6cb369e8be7951272a8b0f158bb1c0bda46906fd7049
Dec 02 01:40:44.530 INFO running `"docker" "start" "-a" "9d941c7a763502d217ea6cb369e8be7951272a8b0f158bb1c0bda46906fd7049"`
Dec 02 01:40:45.495 INFO [stderr] usermod: no changes
Dec 02 01:40:45.635 INFO [stderr]    Compiling proc-macro2 v0.4.23
Dec 02 01:40:45.641 INFO [stderr]    Compiling ring v0.13.3
Dec 02 01:40:45.641 INFO [stderr]    Compiling pear_codegen v0.1.0
Dec 02 01:40:45.641 INFO [stderr]    Compiling rocket_codegen v0.4.0-rc.1
Dec 02 01:40:45.641 INFO [stderr]    Compiling rocket v0.4.0-rc.1
Dec 02 01:40:46.038 INFO [stderr] error: failed to run custom build command for `rocket_codegen v0.4.0-rc.1`
Dec 02 01:40:46.038 INFO [stderr] process didn't exit successfully: `/target/debug/build/rocket_codegen-ca8e9f57aa790eda/build-script-build` (exit code: 101)
Dec 02 01:40:46.038 INFO [stderr] --- stderr
Dec 02 01:40:46.038 INFO [stderr] [1;31mError:[0m [37mRocket requires a nightly or dev version of Rust.[0m
Dec 02 01:40:46.038 INFO [stderr] [37mInstalled version is:[0m [33m1.31.0-beta.20 (2018-11-30)[0m. [37mMinimum required:[0m [33m1.31.0-nightly (2018-10-05)[0m.
Dec 02 01:40:46.039 INFO [stderr] [34mSee the getting started guide ([0m[37mhttps://rocket.rs/v0.4/guide/getting-started/[0m[34m) for more information.[0m
Dec 02 01:40:46.039 INFO [stderr] thread 'main' panicked at 'Aborting compilation due to incompatible compiler.', /cargo-home/registry/src/github.com-1ecc6299db9ec823/rocket_codegen-0.4.0-rc.1/build.rs:38:13
Dec 02 01:40:46.039 INFO [stderr] stack backtrace:
Dec 02 01:40:46.039 INFO [stderr]    0:     0x55a0ed1674bf - std::sys::unix::backtrace::tracing::imp::unwind_backtrace::h3a8b83e1922cbdde
Dec 02 01:40:46.039 INFO [stderr]                                at libstd/sys/unix/backtrace/tracing/gcc_s.rs:49
Dec 02 01:40:46.039 INFO [stderr]    1:     0x55a0ed172e97 - std::sys_common::backtrace::print::h00d3155a29b4020f
Dec 02 01:40:46.039 INFO [stderr]                                at libstd/sys_common/backtrace.rs:71
Dec 02 01:40:46.039 INFO [stderr]                                at libstd/sys_common/backtrace.rs:59
Dec 02 01:40:46.039 INFO [stderr]    2:     0x55a0ed16bd5f - std::panicking::default_hook::{{closure}}::hd7465c742e79e1bb
Dec 02 01:40:46.039 INFO [stderr]                                at libstd/panicking.rs:211
Dec 02 01:40:46.039 INFO [stderr]    3:     0x55a0ed16bac4 - std::panicking::default_hook::h9e3966f2aa2a6e12
Dec 02 01:40:46.039 INFO [stderr]                                at libstd/panicking.rs:227
Dec 02 01:40:46.039 INFO [stderr]    4:     0x55a0ed16c38e - std::panicking::rust_panic_with_hook::h587f091ae747d080
Dec 02 01:40:46.039 INFO [stderr]                                at libstd/panicking.rs:476
Dec 02 01:40:46.039 INFO [stderr]    5:     0x55a0ed13def3 - std::panicking::begin_panic::h57ae6fabc0b1d81f
Dec 02 01:40:46.039 INFO [stderr]                                at libstd/panicking.rs:410
Dec 02 01:40:46.039 INFO [stderr]    6:     0x55a0ed13bfb5 - build_script_build::main::hecc7a2344a5bee9f
Dec 02 01:40:46.039 INFO [stderr]                                at /cargo-home/registry/src/github.com-1ecc6299db9ec823/rocket_codegen-0.4.0-rc.1/build.rs:38
Dec 02 01:40:46.039 INFO [stderr]    7:     0x55a0ed13e7df - std::rt::lang_start::{{closure}}::h3acb9c6a1f440df0
Dec 02 01:40:46.039 INFO [stderr]                                at libstd/rt.rs:74
Dec 02 01:40:46.039 INFO [stderr]    8:     0x55a0ed16be02 - std::panicking::try::do_call::h52e7f80ff0fdcc45
Dec 02 01:40:46.039 INFO [stderr]                                at libstd/rt.rs:59
Dec 02 01:40:46.039 INFO [stderr]                                at libstd/panicking.rs:310
Dec 02 01:40:46.039 INFO [stderr]    9:     0x55a0ed17de49 - __rust_maybe_catch_panic
Dec 02 01:40:46.039 INFO [stderr]                                at libpanic_unwind/lib.rs:102
Dec 02 01:40:46.039 INFO [stderr]   10:     0x55a0ed15bb1a - std::rt::lang_start_internal::h38cae898de7f805c
Dec 02 01:40:46.039 INFO [stderr]                                at libstd/panicking.rs:289
Dec 02 01:40:46.039 INFO [stderr]                                at libstd/panic.rs:392
Dec 02 01:40:46.039 INFO [stderr]                                at libstd/rt.rs:58
Dec 02 01:40:46.039 INFO [stderr]   11:     0x55a0ed13e7b8 - std::rt::lang_start::hcc07bb0c4bac204a
Dec 02 01:40:46.039 INFO [stderr]                                at libstd/rt.rs:74
Dec 02 01:40:46.039 INFO [stderr]   12:     0x55a0ed13ce89 - main
Dec 02 01:40:46.039 INFO [stderr]   13:     0x7f89a1e5082f - __libc_start_main
Dec 02 01:40:46.039 INFO [stderr]   14:     0x55a0ed13b658 - _start
Dec 02 01:40:46.039 INFO [stderr]   15:                0x0 - <unknown>
Dec 02 01:40:46.039 INFO [stderr] 
Dec 02 01:40:46.039 INFO [stderr] warning: build failed, waiting for other jobs to finish...
Dec 02 01:40:46.039 INFO [stderr] error: failed to run custom build command for `rocket v0.4.0-rc.1`
Dec 02 01:40:46.039 INFO [stderr] process didn't exit successfully: `/target/debug/build/rocket-fd1bd1a0b042446b/build-script-build` (exit code: 101)
Dec 02 01:40:46.039 INFO [stderr] --- stderr
Dec 02 01:40:46.039 INFO [stderr] [1;31mError:[0m [37mRocket requires a nightly or dev version of Rust.[0m
Dec 02 01:40:46.039 INFO [stderr] [37mInstalled version is:[0m [33m1.31.0-beta.20 (2018-11-30)[0m. [37mMinimum required:[0m [33m1.31.0-nightly (2018-10-05)[0m.
Dec 02 01:40:46.039 INFO [stderr] [34mSee the getting started guide ([0m[37mhttps://rocket.rs/v0.4/guide/getting-started/[0m[34m) for more information.[0m
Dec 02 01:40:46.039 INFO [stderr] thread 'main' panicked at 'Aborting compilation due to incompatible compiler.', /cargo-home/registry/src/github.com-1ecc6299db9ec823/rocket-0.4.0-rc.1/build.rs:38:13
Dec 02 01:40:46.039 INFO [stderr] stack backtrace:
Dec 02 01:40:46.039 INFO [stderr]    0:     0x559b69bf84bf - std::sys::unix::backtrace::tracing::imp::unwind_backtrace::h3a8b83e1922cbdde
Dec 02 01:40:46.039 INFO [stderr]                                at libstd/sys/unix/backtrace/tracing/gcc_s.rs:49
Dec 02 01:40:46.039 INFO [stderr]    1:     0x559b69c03e97 - std::sys_common::backtrace::print::h00d3155a29b4020f
Dec 02 01:40:46.039 INFO [stderr]                                at libstd/sys_common/backtrace.rs:71
Dec 02 01:40:46.039 INFO [stderr]                                at libstd/sys_common/backtrace.rs:59
Dec 02 01:40:46.039 INFO [stderr]    2:     0x559b69bfcd5f - std::panicking::default_hook::{{closure}}::hd7465c742e79e1bb
Dec 02 01:40:46.039 INFO [stderr]                                at libstd/panicking.rs:211
Dec 02 01:40:46.039 INFO [stderr]    3:     0x559b69bfcac4 - std::panicking::default_hook::h9e3966f2aa2a6e12
Dec 02 01:40:46.039 INFO [stderr]                                at libstd/panicking.rs:227
Dec 02 01:40:46.039 INFO [stderr]    4:     0x559b69bfd38e - std::panicking::rust_panic_with_hook::h587f091ae747d080
Dec 02 01:40:46.039 INFO [stderr]                                at libstd/panicking.rs:476
Dec 02 01:40:46.039 INFO [stderr]    5:     0x559b69bceef3 - std::panicking::begin_panic::hc20d482f5ff8e064
Dec 02 01:40:46.039 INFO [stderr]                                at libstd/panicking.rs:410
Dec 02 01:40:46.039 INFO [stderr]    6:     0x559b69bccfb5 - build_script_build::main::hccb12ee5c437e988
Dec 02 01:40:46.039 INFO [stderr]                                at /cargo-home/registry/src/github.com-1ecc6299db9ec823/rocket-0.4.0-rc.1/build.rs:38
Dec 02 01:40:46.039 INFO [stderr]    7:     0x559b69bcf7df - std::rt::lang_start::{{closure}}::hd9ef161f486ad1ce
Dec 02 01:40:46.039 INFO [stderr]                                at libstd/rt.rs:74
Dec 02 01:40:46.039 INFO [stderr]    8:     0x559b69bfce02 - std::panicking::try::do_call::h52e7f80ff0fdcc45
Dec 02 01:40:46.039 INFO [stderr]                                at libstd/rt.rs:59
Dec 02 01:40:46.039 INFO [stderr]                                at libstd/panicking.rs:310
Dec 02 01:40:46.039 INFO [stderr]    9:     0x559b69c0ee49 - __rust_maybe_catch_panic
Dec 02 01:40:46.039 INFO [stderr]                                at libpanic_unwind/lib.rs:102
Dec 02 01:40:46.039 INFO [stderr]   10:     0x559b69becb1a - std::rt::lang_start_internal::h38cae898de7f805c
Dec 02 01:40:46.039 INFO [stderr]                                at libstd/panicking.rs:289
Dec 02 01:40:46.039 INFO [stderr]                                at libstd/panic.rs:392
Dec 02 01:40:46.039 INFO [stderr]                                at libstd/rt.rs:58
Dec 02 01:40:46.039 INFO [stderr]   11:     0x559b69bcf7b8 - std::rt::lang_start::h603d5443949cafa2
Dec 02 01:40:46.039 INFO [stderr]                                at libstd/rt.rs:74
Dec 02 01:40:46.039 INFO [stderr]   12:     0x559b69bcde89 - main
Dec 02 01:40:46.039 INFO [stderr]   13:     0x7fc88947f82f - __libc_start_main
Dec 02 01:40:46.039 INFO [stderr]   14:     0x559b69bcc658 - _start
Dec 02 01:40:46.039 INFO [stderr]   15:                0x0 - <unknown>
Dec 02 01:40:46.039 INFO [stderr] 
Dec 02 01:40:46.039 INFO [stderr] warning: build failed, waiting for other jobs to finish...
Dec 02 01:40:46.057 INFO [stderr] error: failed to run custom build command for `pear_codegen v0.1.0`
Dec 02 01:40:46.057 INFO [stderr] process didn't exit successfully: `/target/debug/build/pear_codegen-bd368338e8a8988c/build-script-build` (exit code: 101)
Dec 02 01:40:46.057 INFO [stderr] --- stderr
Dec 02 01:40:46.057 INFO [stderr] [1;31mError:[0m [37mPear requires a nightly or dev version of Rust.[0m
Dec 02 01:40:46.057 INFO [stderr] [37mInstalled version is:[0m [33m1.31.0-beta.20 (2018-11-30)[0m. [37mMinimum required:[0m [33m1.31.0-nightly (2018-10-05)[0m.
Dec 02 01:40:46.057 INFO [stderr] thread 'main' panicked at 'Aborting compilation due to incompatible compiler.', /cargo-home/registry/src/github.com-1ecc6299db9ec823/pear_codegen-0.1.0/build.rs:31:13
Dec 02 01:40:46.057 INFO [stderr] stack backtrace:
Dec 02 01:40:46.057 INFO [stderr]    0:     0x558e56ef127f - std::sys::unix::backtrace::tracing::imp::unwind_backtrace::h3a8b83e1922cbdde
Dec 02 01:40:46.057 INFO [stderr]                                at libstd/sys/unix/backtrace/tracing/gcc_s.rs:49
Dec 02 01:40:46.057 INFO [stderr]    1:     0x558e56efcc57 - std::sys_common::backtrace::print::h00d3155a29b4020f
Dec 02 01:40:46.057 INFO [stderr]                                at libstd/sys_common/backtrace.rs:71
Dec 02 01:40:46.057 INFO [stderr]                                at libstd/sys_common/backtrace.rs:59
Dec 02 01:40:46.057 INFO [stderr]    2:     0x558e56ef5b1f - std::panicking::default_hook::{{closure}}::hd7465c742e79e1bb
Dec 02 01:40:46.057 INFO [stderr]                                at libstd/panicking.rs:211
Dec 02 01:40:46.057 INFO [stderr]    3:     0x558e56ef5884 - std::panicking::default_hook::h9e3966f2aa2a6e12
Dec 02 01:40:46.057 INFO [stderr]                                at libstd/panicking.rs:227
Dec 02 01:40:46.057 INFO [stderr]    4:     0x558e56ef614e - std::panicking::rust_panic_with_hook::h587f091ae747d080
Dec 02 01:40:46.057 INFO [stderr]                                at libstd/panicking.rs:476
Dec 02 01:40:46.057 INFO [stderr]    5:     0x558e56ec7cb3 - std::panicking::begin_panic::h8ef5bad2b20a936e
Dec 02 01:40:46.057 INFO [stderr]                                at libstd/panicking.rs:410
Dec 02 01:40:46.057 INFO [stderr]    6:     0x558e56ec5d78 - build_script_build::main::h7433a0dd1ba1de20
Dec 02 01:40:46.057 INFO [stderr]                                at /cargo-home/registry/src/github.com-1ecc6299db9ec823/pear_codegen-0.1.0/build.rs:31
Dec 02 01:40:46.057 INFO [stderr]    7:     0x558e56ec859f - std::rt::lang_start::{{closure}}::he8c224e7e4b2891b
Dec 02 01:40:46.057 INFO [stderr]                                at libstd/rt.rs:74
Dec 02 01:40:46.057 INFO [stderr]    8:     0x558e56ef5bc2 - std::panicking::try::do_call::h52e7f80ff0fdcc45
Dec 02 01:40:46.057 INFO [stderr]                                at libstd/rt.rs:59
Dec 02 01:40:46.057 INFO [stderr]                                at libstd/panicking.rs:310
Dec 02 01:40:46.057 INFO [stderr]    9:     0x558e56f07c09 - __rust_maybe_catch_panic
Dec 02 01:40:46.057 INFO [stderr]                                at libpanic_unwind/lib.rs:102
Dec 02 01:40:46.057 INFO [stderr]   10:     0x558e56ee58da - std::rt::lang_start_internal::h38cae898de7f805c
Dec 02 01:40:46.057 INFO [stderr]                                at libstd/panicking.rs:289
Dec 02 01:40:46.057 INFO [stderr]                                at libstd/panic.rs:392
Dec 02 01:40:46.057 INFO [stderr]                                at libstd/rt.rs:58
Dec 02 01:40:46.057 INFO [stderr]   11:     0x558e56ec8578 - std::rt::lang_start::h3fec66f0be162b1a
Dec 02 01:40:46.057 INFO [stderr]                                at libstd/rt.rs:74
Dec 02 01:40:46.057 INFO [stderr]   12:     0x558e56ec6c49 - main
Dec 02 01:40:46.057 INFO [stderr]   13:     0x7f041fb2e82f - __libc_start_main
Dec 02 01:40:46.057 INFO [stderr]   14:     0x558e56ec5658 - _start
Dec 02 01:40:46.057 INFO [stderr]   15:                0x0 - <unknown>
Dec 02 01:40:46.057 INFO [stderr] 
Dec 02 01:40:46.057 INFO [stderr] warning: build failed, waiting for other jobs to finish...
Dec 02 01:40:48.547 INFO [stderr] error: build failed
Dec 02 01:40:48.547 INFO [stderr] su: No module specific data is present
Dec 02 01:40:49.319 INFO running `"docker" "inspect" "9d941c7a763502d217ea6cb369e8be7951272a8b0f158bb1c0bda46906fd7049"`
Dec 02 01:40:49.613 INFO running `"docker" "rm" "-f" "9d941c7a763502d217ea6cb369e8be7951272a8b0f158bb1c0bda46906fd7049"`
Dec 02 01:40:49.878 INFO [stdout] 9d941c7a763502d217ea6cb369e8be7951272a8b0f158bb1c0bda46906fd7049
